s the units digit of 26685?
5
What is the hundreds digit of 4015?
0
What is the tens digit of 3595?
9
What is the hundreds digit of 1151?
1
What is the tens digit of 54698?
9
What is the thousands digit of 2549?
2
What is the thousands digit of 1973?
1
What is the tens digit of 1217?
1
What is the hundreds digit of 420?
4
What is the units digit of 3475?
5
What is the hundreds digit of 40060?
0
What is the units digit of 18619?
9
What is the tens digit of 1754?
5
What is the ten thousands digit of 27511?
2
What is the thousands digit of 4691?
4
What is the hundreds digit of 9772?
7
What is the hundreds digit of 636?
6
What is the units digit of 14999?
9
What is the units digit of 8185?
5
What is the tens digit of 8665?
6
What is the thousands digit of 7525?
7
What is the hundreds digit of 3151?
1
What is the units digit of 78?
8
What is the hundreds digit of 145?
1
What is the units digit of 932?
2
What is the tens digit of 71494?
9
What is the units digit of 18976?
6
What is the tens digit of 20449?
4
What is the thousands digit of 15067?
5
What is the tens digit of 1247?
4
What is the tens digit of 10996?
9
What is the hundreds digit of 167911?
9
What is the hundreds digit of 52531?
5
What is the tens digit of 3155?
5
What is the thousands digit of 8485?
8
What is the tens digit of 71391?
9
What is the units digit of 2154?
4
What is the hundreds digit of 12451?
4
What is the units digit of 117434?
4
What is the units digit of 11295?
5
What is the thousands digit of 40265?
0
What is the hundreds digit of 3583?
5
What is the units digit of 8050?
0
What is the ten thousands digit of 48989?
4
What is the thousands digit of 21403?
1
What is the tens digit of 11716?
1
What is the thousands digit of 1014?
1
What is the hundreds digit of 2923?
9
What is the hundreds digit of 2205?
2
What is the thousands digit of 1893?
1
What is the thousands digit of 7694?
7
What is the hundreds digit of 1760?
7
What is the units digit of 22606?
6
What is the thousands digit of 1440?
1
What is the tens digit of 19066?
6
What is the units digit of 21728?
8
What is the tens digit of 9701?
0
What is the ten thousands digit of 24569?
2
What is the tens digit of 380?
8
What is the tens digit of 1204?
0
What is the thousands digit of 2100?
2
What is the tens digit of 3648?
4
What is the ten thousands digit of 85661?
8
What is the units digit of 808?
8
What is the tens digit of 5191?
9
What is the thousands digit of 11896?
1
What is the ten thousands digit of 12297?
1
What is the hundreds digit of 1378?
3
What is the units digit of 13179?
9
What is the hundreds digit of 1089?
0
What is the hundreds digit of 1422?
4
What is the hundreds digit of 1674?
6
What is the units digit of 16?
6
What is the tens digit of 1588?
8
What is the hundreds digit of 215?
2
What is the hundreds digit of 7093?
0
What is the hundreds digit of 5918?
9
What is the thousands digit of 2151?
2
What is the hundreds digit of 41509?
5
What is the hundreds digit of 80701?
7
What is the thousands digit of 6408?
6
What is the hundreds digit of 3675?
6
What is the thousands digit of 35814?
5
What is the units digit of 91351?
1
What is the hundreds digit of 71361?
3
What is the units digit of 1983?
3
What is the tens digit of 1217?
1
What is the hundreds digit of 5962?
9
What is the tens digit of 410?
1
What is the tens digit of 5026?
2
What is the ten thousands digit of 35850?
3
What is the units digit of 438?
8
What is the tens digit of 871?
7
What is the units digit of 2019?
9
What is the ten thousands digit of 83546?
8
What is the units digit of 12615?
5
What is the thousands digit of 1239?
1
What is the units digit of 4948?
8
What is the units digit of 58817?
7
What is the units digit of 724?
4
What is the thousands digit of 19613?
9
What is the thousands digit of 82440?
2
What is the hundreds digit of 128937?
9
What is the hundreds digit of 2048?
0
What is the thousands digit of 14478?
4
What is the units digit of 6926?
6
What is the ten thousands digit of 35573?
3
What is the hundreds digit of 6064?
0
What is the hundreds digit of 1273?
2
What is the hundreds digit of 5005?
0
What is the hundreds digit of 1347?
3
What is the tens digit of 182415?
1
What is the thousands digit of 75186?
5
What is the units digit of 68120?
0
What is the units digit of 180?
0
What is the tens digit of 9645?
4
What is the hundreds digit of 1583?
5
What is the hundreds digit of 502?
5
What is the units digit of 1619?
9
What is the units digit of 709?
9
What is the tens digit of 21013?
1
What is the hundreds digit of 279?
2
What is the tens digit of 835?
3
What is the tens digit of 472?
7
What is the thousands digit of 3666?
3
What is the units digit of 52699?
9
What is the units digit of 1203?
3
What is the hundreds digit of 39125?
1
What is the units digit of 177?
7
What is the thousands digit of 1436?
1
What is the tens digit of 1043?
4
What is the units digit of 9202?
2
What is the units digit of 4705?
5
What is the ten thousands digit of 25816?
2
What is the tens digit of 41680?
8
What is the ten thousands digit of 25921?
2
What is the units digit of 16662?
2
What is the tens digit of 64204?
0
What is the thousands digit of 12046?
2
What is the ten thousands digit of 14794?
1
What is the thousands digit of 20116?
0
What is the hundreds digit of 10911?
9
What is the hundreds digit of 1126?
1
What is the thousands digit of 23734?
3
What is the hundreds digit of 664?
6
What is the tens digit of 2368?
6
What is the thousands digit of 9538?
9
What is the units digit of 44621?
1
What is the thousands digit of 1790?
1
What is the units digit of 7104?
4
What is the thousands digit of 29200?
9
What is the units digit of 13641?
1
What is the units digit of 3507?
7
What is the thousands digit of 2369?
2
What is the thousands digit of 7252?
7
What is the hundreds digit of 92221?
2
What is the ten thousands digit of 23241?
2
What is the tens digit of 641?
4
What is the tens digit of 189521?
2
What is the hundreds digit of 689?
6
What is the units digit of 1009?
9
What is the thousands digit of 2565?
2
What is the hundreds digit of 12332?
3
What is the tens digit of 1025?
2
What is the thousands digit of 49436?
9
What is the tens digit of 5246?
4
What is the hundreds digit of 1733?
7
What is the hundreds digit of 23033?
0
What is the hundreds digit of 17947?
9
What is the tens digit of 3026?
2
What is the thousands digit of 62060?
2
What is the units digit of 9852?
2
What is the hundred thousands digit of 117791?
1
What is the tens digit of 893?
9
What is the hundreds digit of 161159?
1
What is the units digit of 6910?
0
What is the hundreds digit of 272?
2
What is the hundreds digit of 29351?
3
What is the hundreds digit of 1642?
6
What is the hundreds digit of 6572?
5
What is the thousands digit of 5055?
5
What is the units digit of 1518?
8
What is the units digit of 4868?
8
What is the hundreds digit of 644?
6
What is the thousands digit of 132834?
2
What is the tens digit of 2412?
1
What is the hundreds digit of 24328?
3
What is the thousands digit of 11746?
1
What is the tens digit of 18157?
5
What is the units digit of 108?
8
What is the hundreds digit of 158135?
1
What is the ten thousands digit of 10267?
1
What is the tens digit of 287?
8
What is the units digit of 13383?
3
What is the units digit of 983?
3
What is the thousands digit of 12108?
2
What is the thousands digit of 27618?
7
What is the tens digit of 679?
7
What is the units digit of 4686?
6
What is the hundreds digit of 8276?
2
What is the hundreds digit of 6354?
3
What is the ten thousands digit of 56428?
5
What is the thousands digit of 11556?
1
What is the thousands digit of 34827?
4
What is the hundreds digit of 34131?
1
What is the units digit of 2061?
1
What is the hundreds digit of 18293?
2
What is the tens digit of 2231?
3
What is the tens digit of 892?
9
What is the thousands digit of 9181?
9
What is the tens digit of 197734?
3
What is the tens digit of 32724?
2
What is the hundreds digit of 43980?
9
What is the tens digit of 5049?
4
What is the hundreds digit of 75255?
2
What is the units digit of 3868?
8
What is the hundreds digit of 544?
5
What is the units digit of 43959?
9
What is the thousands digit of 1239?
1
What is the thousands digit of 